ctors of z.
5, 19
Let w(j) = 2*j**2 + 5*j - 1. Let h be w(6). Let i = 14523 - 14533. Let z = h + i. List the prime factors of z.
7, 13
Let w(c) = 9*c**3 - 43*c**2 - 2*c + 17. List the prime factors of w(10).
7, 11, 61
Let j = 245 - 213. Let f = 246 + j. What are the prime factors of f?
2, 139
Suppose 0 = 4*f - 0*v + 3*v - 159, f + 3*v = 51. Let c = 101 - f. What are the prime factors of c?
5, 13
Suppose 0 = -2*n - d + 7, -2*n - 3*n = -d - 35. Let b(h) = 26*h + 43. Let t(j) = -j. Let o(p) = n*t(p) + b(p). List the prime factors of o(7).
3, 61
Let x(g) = -2*g**2 + 80*g - 313. Let j be x(35). Let k = 8 - 6. Suppose -k*s + 441 + j = 0. List the prime factors of s.
239
Suppose -32*r + 4404 = -44*r. Let f = 653 + r. What are the prime factors of f?
2, 11, 13
Suppose -5*t = -4*c + 13, 2*c - 7*t + 12*t + 1 = 0. What are the prime factors of 1338/12*(c + 0)?
223
Let t(z) = 2*z**3 + 61*z**2 + 31*z - 60. What are the prime factors of t(-11)?
2, 17, 127
Let q(d) = 1468*d + 7835. What are the prime factors of q(9)?
13, 1619
Suppose 27*z - 67262 = 47137. What are the prime factors of z?
19, 223
Suppose -s - 172 = -5*n + 3, 0 = n + 5*s - 35. Suppose 0 = n*h + 6*h - 5945. What are the prime factors of h?
5, 29
Let w = -4884 - -9842. List the prime factors of w.
2, 37, 67
Let b(w) = 1655*w + 12454. List the prime factors of b(11).
23, 31, 43
Let q be 6*(-3 + 56/(-6)). Let o = 66 + q. Let v(l) = -3*l**3 - 23*l**2 + 4*l + 4. What are the prime factors of v(o)?
2, 3
What are the prime factors of (1107/18 - -3)/((-12)/(-1904))?
2, 7, 17, 43
Let f(q) be the first derivative of -3*q**4/2 - 2*q**3/3 + 15*q**2/2 + 20*q + 123. What are the prime factors of f(-6)?
2, 577
Suppose 18*h + 19 - 55 = 0. Suppose 4*f - h = -s, f + 2 = s - 0*s. Suppose s*j = -4*m + 740, -j + 1 + 3 = 0. What are the prime factors of m?
3, 61
Let n = -8 + 14. Let x(z) = 55*z - 18. Let r be x(n). Let l = r - 212. List the prime factors of l.
2, 5
Let s = 659 - 674. What are the prime factors of (-10)/s*(0 + 3 - -1203)?
2, 3, 67
Let m(s) = 23*s**2 - 17*s - 42. What are the prime factors of m(-13)?
2, 19, 107
Let g be 2732/16 - 2/(-8). Let p be (-4)/40 + (-882)/180. Let x = g - p. List the prime factors of x.
2, 11
Suppose 14 = -3*y - 34*d + 39*d, 2*d - 12 = -2*y. Suppose r - 245 - 125 = -4*l, 701 = y*r - 5*l. List the prime factors of r.
2, 179
Let j(q) = 364*q**3 - 5*q**2 + 2*q + 25. List the prime factors of j(3).
2, 7, 701
Let h = -446 - -672. Suppose 130 = 2*a - h. List the prime factors of a.
2, 89
Let k = -582 + 1136. Suppose -236 = -0*n - 2*n + 4*y, -5*n + k = -y. Suppose -5*t = 5*q - t - 556, 2*t = -q + n. List the prime factors of q.
2, 7
What are the prime factors of 10*2887*4*(-25)/(-50)?
2, 5, 2887
Let d = -48948 - -73535. List the prime factors of d.
23, 1069
Let n be ((-1)/(-2))/(2/(-608)). Let t = n + 604. Suppose 0 = -2*a + a + d + 114, 4*a - 3*d = t. What are the prime factors of a?
2, 5, 11
Let v(s) = -16631*s + 1301. List the prime factors of v(-2).
3, 41, 281
Let s(l) = -597*l**3 - 15*l**2 - 16*l - 1. Let w(b) = 596*b**3 + 16*b**2 + 17*b + 1. Let j(f) = 5*s(f) + 4*w(f). What are the prime factors of j(-1)?
601
Suppose 0 = -3*w + 26*g - 31*g + 441, -4*w = -3*g - 617. What are the prime factors of w?
2, 19
Suppose 5*g + 0 = 265. Suppose 195*f + 160 = 205*f. Let q = f + g. What are the prime factors of q?
3, 23
Suppose 60*r - 7*r - 1993 = 4844. Let b be 52/14 + (-4)/(-14). Suppose -r = -3*h + 5*u + 15, 4*u = b*h - 192. What are the prime factors of h?
2, 3
Suppose 0 = -6*j - 359 - 913. Let g = 491 + j. List the prime factors of g.
3, 31
Suppose 72*f = 64*f + 72. Let j(n) = 2*n**2 - 9*n + 5. Let d be j(7). Suppose -f*p + d = -86. List the prime factors of p.
2, 7
Let c be 6/24*4*2. Suppose -24 = -c*r + 28. What are the prime factors of r?
2, 13
Suppose 2*m - 2*u - 19757 = 14427, 0 = -2*m - 2*u + 34200. List the prime factors of m.
2, 2137
Let z = -2999 - -14618. List the prime factors of z.
3, 1291
Let s be (-82)/4 - (-11)/22. What are the prime factors of 6/1 - (-858 - s)?
2, 211
Suppose -1076*c + 562086 = -1022*c. List the prime factors of c.
7, 1487
Suppose -6*c = -3*g - 2*c + 241, 0 = -3*g - 4*c + 257. Suppose -62*p - 90 = -17*p. List the prime factors of (p - -2 - -2)*g/2.
83
Let u = -8829 + 20059. What are the prime factors of u?
2, 5, 1123
Let o = 487 + -322. Let y(i) = 25*i - 14*i**2 - 7*i + o*i**3 + 2*i**2 - 166*i**3 - 14. What are the prime factors of y(-14)?
2, 3, 7
Suppose -5*f - 31 = -v, v + v + f = 40. Suppose v*j - 40 = 19*j. What are the prime factors of (-6)/15 + 548/j?
3
Suppose 2*i = -b + 35192, 385*b - 380*b - 5*i = 176050. List the prime factors of b.
2, 13, 677
Let i be (-12)/(-18)*(-1)/((-2)/24). Suppose 17*x + i*x = 1000. What are the prime factors of x?
2, 5
Let z = 1758 - 932. Suppose 4*v + z = 18*v. What are the prime factors of v?
59
List the prime factors of 13099462/873 - (-8)/9.
2, 3, 41, 61
Let r = 210 + -76. Suppose r = d - 78. List the prime factors of d.
2, 53
Let d(p) = 264*p**2 - 28*p - 51. Let z be 15/(-4) + 812/464. List the prime factors of d(z).
1061
Suppose 2*b = -8*b + 50. Suppose -296 + 1233 = 3*r - 2*g, -b*r + 1560 = -5*g. What are the prime factors of r?
313
Let b(o) = -8*o**3 + 178*o**2 + 41*o + 15. List the prime factors of b(20).
5, 1607
Let y = 378 - 375. Suppose 0*h = 2*h - y*n - 1043, 0 = -5*h - n + 2616. List the prime factors of h.
523
Let w = -451 - 118. Let r = w - -799. What are the prime factors of r?
2, 5, 23
Let x(o) = 2*o**3 + 3*o**2 - o - 324. Let i be x(0). Let n = 1360 - i. List the prime factors of n.
2, 421
Suppose 0*q - 3*q + 90 = 5*x, 4*q = 20. List the prime factors of 399 - (-1)/((35/x)/(-7)).
2, 3, 11
Suppose -231 = 3*h - n, -h = 4*h - n + 385. What are the prime factors of (-1)/(-7) - 24937/h?
2, 3
Let q = -82 + 109. List the prime factors of (1618/(-6))/(q/(-81)).
809
Let y be (-16)/(-20)*(1 - (-3)/2). List the prime factors of (-8703)/(-18) - 5/y.
13, 37
Let w = -26 + -79. Let o = w - -164. Suppose -o = -2*s + 223. What are the prime factors of s?
3, 47
Suppose 5*m - 121 = v + 6, 5*v - 67 = -2*m. Let t be (-1194)/(-27) - 10/45. Let p = m + t. List the prime factors of p.
2, 5, 7
Let y(a) = a**2 - 7*a - 7. Let f be y(8). Let i be f/(((-4)/(-6))/(604/6)). Let q = 243 - i. What are the prime factors of q?
2, 23
Let d(t) = -2*t + 8. Let a be d(10). Let s = -126 - -41. List the prime factors of (4 - s) + a/(-4).
2, 23
Let z be 1/((-849)/(-170) + -5). Let h = 926 + z. What are the prime factors of h?
2, 3, 7
Let c = -35 - -122. Let j be ((-8)/20 - 16/10) + 8. Suppose -9 = j*u - c. List the prime factors of u.
13
Let g(c) = 11*c**3 - 8*c**2 + 15*c + 5. Let s be -8*((-78)/12 - -6). List the prime factors of g(s).
641
Suppose 5*x - 1257 = 3*j, x - 265 = -0*x + 4*j. Let f be 1 - (159 + (-13 - -7)). Let u = f + x. List the prime factors of u.
97
Let a(u) = 10*u - 13. Let n(l) = -7*l - 21. Let j be n(9). Let o = j - -86. List the prime factors of a(o).
7
Let x be (-15)/(-1*3 + 18/12). Suppose -b + x = b. Suppose -2*w - w - s + 58 = 0, 130 = b*w - 5*s. What are the prime factors of w?
3, 7
Let g(r) = 2*r**3 + 25*r**2 + 9*r - 30. Let i be g(-12). Suppose 12*d = -i*d + 8856. What are the prime factors of d?
2, 3, 41
Suppose -2*f - 90 = -2*k - 11734, 4*f - 5*k = 23285. What are the prime factors of f?
5, 233
Suppose n + 3*m = -10, 2*m - 62 = 4*n + 3*m. Let b be ((-1)/2)/(4/n). Suppose 0 = -3*v + b*j - j + 91, 2*j = -2. List the prime factors of v.
2, 3, 5
Let i(f) = 2*f**3 + 57*f**2 - 20*f + 31. Let n be i(-29). Let b = n + 742. What are the prime factors of b?
2
Let v = 26329 - 17687. What are the prime factors of v?
2, 29, 149
Let u = -4823 + 16008. What are the prime factors of u?
5, 2237
Let w = 21852 - 13654. List the prime factors of w.
2, 4099
Let n(l) = -13*l - 35. Let j be n(-11). Suppose 207 = 5*k - j. What are the prime factors of k?
3, 7
Let g be (-2 - 33/(-9))/(4/(-12)). Let s(f) = -2*f**3 - 8*f**2 - 5*f + 9. Let m be s(g). Suppose -436 + m = -2*z. List the prime factors of z.
2, 11
Suppose 1015*k - 1012*k = 22632. List the prime factors of k.
2, 23, 41
Suppose 120 = -5*i - 5*p, 2*i + 5*p + 0 = -57. Let h(g) = -67*g - 335. List the prime factors of h(i).
2, 67
Let g(x) = -2406*x + 7243. What are the prime fa